-11*t + 15*t, -3*l - 4*t = -35636. What is the ten thousands digit of l?
1
Let l be (-5)/10*4 + 256 + -1. Suppose -3*w - i + 1345 = 0, -5*i + 635 = 2*w - l. What is the units digit of w?
9
Let f(g) = g + 4. Let x(k) = 2*k + 12. Suppose 5*w - 11 = 3*m, -2*w + 0*m + 5 = -m. Let v(d) = w*x(d) - 11*f(d). What is the tens digit of v(-15)?
4
Suppose 746683 = 34*k - 62075. What is the tens digit of k?
8
Suppose -h = 2*z - 0*z - 70, 2*z - 64 = 2*h. Suppose z = -r + 586. What is the tens digit of r?
5
What is the tens digit of 8656 + -21 - (-6)/(-2)?
3
Suppose -5*x = 4*y + 529 + 1346, 468 = -y - x. What is the units digit of y/(-124)*(-30)/9*-66?
5
Let i = 1145 + -588. Let x = i - 161. What is the hundreds digit of x?
3
Suppose 20 = -13*y - 1176. Let n(m) = 7*m**3 - 3*m**2 - 4*m + 3. Let w be n(3). Let g = w + y. What is the units digit of g?
1
Let t be (-6)/30 - 9954/30. Let m = 916 + t. What is the hundreds digit of m?
5
Suppose 28*y - 90 = 50. Suppose -1 - 9 = -y*i, 5*g = 3*i + 3169. What is the tens digit of g?
3
Suppose 2*h - 43216 = -2*j, -64803 = -6*j + 3*j + 4*h. What is the units digit of j?
5
Let m(w) be the third derivative of 5*w**4/8 - 18*w**3 + 48*w**2 + w. What is the hundreds digit of m(14)?
1
Suppose -4772 = -3*a + 3964. Let i = 15 + 2. Suppose -i*q = -q - a. What is the tens digit of q?
8
Suppose -13*l = -7*l - 138. Let s = 260 + l. What is the tens digit of s?
8
Suppose -123 = -5*q + 3*k, 128 = q + 3*q + 5*k. Suppose -q*g + 7*g = -9040. What is the tens digit of g?
5
Suppose 5*y - 34436 = 2*q + 9881, 4*y = -2*q + 35450. What is the tens digit of y?
6
Let y be (-387)/(-6)*(-1856)/24. What is the units digit of y/(-14) - 78/273?
6
Let p be 2 + (-2 + -253)/(-3). Let g(n) = -5*n**2 + 2*n + 13. Let b be g(4). Let w = b + p. What is the units digit of w?
8
What is the hundreds digit of (-871)/(-8 - (-176)/24)*14?
2
Let v be (10746/45)/((-8)/20). Let w = v - -676. What is the units digit of w?
9
Suppose 0 = 4109*n - 4096*n - 82186. What is the tens digit of n?
2
Let m = -191 + 193. Suppose -2*g + 268 = m*o, 0 = -g + 3*g - 4*o - 238. What is the hundreds digit of g?
1
What is the hundreds digit of 12/((-8)/(-2)) + (-490)/21*-579?
5
What is the hundreds digit of -9 - (-92)/8 - 28518/(-12)?
3
Suppose 11 = -10*s + 41. Suppose -9*h + 4080 = s*h. What is the hundreds digit of h?
3
Suppose s = -5*k - 96, -10*k + 8*k = -2*s + 48. What is the units digit of 9166/20 + 6/k?
8
Suppose -5*c + 21*q + 2475 = 22*q, 990 = 2*c - q. What is the units digit of 6 - (-4 + c*-2)?
0
Let h(q) = -62*q + 134. Suppose f + 2*b - 8 + 22 = 0, 3*b = -4*f - 36. What is the units digit of h(f)?
6
Let a(o) = 9*o**2 - 411 + 398 - o - 6*o. What is the tens digit of a(6)?
6
Let r(g) be the second derivative of g**4/6 - g**3/3 - 19*g**2 - g + 19. Let u be r(9). Let y = -96 + u. What is the units digit of y?
0
Let n = -7502 - -13981. What is the units digit of n?
9
Suppose -234 = 6*j - 882. Let v = 66 - j. Let o = 73 + v. What is the units digit of o?
1
Let q be -5 - 645/(-20) - (-25)/(-20). Suppose 25*a - q*a = -942. What is the units digit of a?
2
Suppose -4 = 79*z - 77*z. What is the units digit of -186*(75/z)/15?
5
Suppose -7 = -5*q - 17. Let t(x) = -51*x**3 - x**2 + 3*x + 4. Let r be t(q). Suppose -68 = -2*o + r. What is the hundreds digit of o?
2
Let j be 17832/10 - (-43)/(-215). Let q = j + -957. What is the hundreds digit of q?
8
Suppose 5*m = m - 2*k - 26, 1 = -k. Let n be 2*(-3)/3*m. Suppose 14*l = n*l + 38. What is the units digit of l?
9
Let c = -162978 + 235705. What is the units digit of c?
7
Let w(g) = -5*g**2 + 23*g + 5*g**2 - g**2 + 36 - 31*g. What is the units digit of w(-11)?
3
Let n(c) = 2*c**2 - 7*c + 16. Let s be n(7). Let q = -121 + s. Let v = 130 + q. What is the tens digit of v?
7
Let s be 1800/350 - 1/7. Suppose s*q - 15 = 0, -2*q + 122 = 4*l - 1552. What is the hundreds digit of l?
4
Let i = -53 - -63. Let u(x) = -x**3 + 16*x**2 + 3*x - 1. Let h(j) = -j**2 + 1. Let v(f) = 6*h(f) + u(f). What is the units digit of v(i)?
5
Suppose 0 = r - 3*y - 2947, -8*y + 13*y = -3*r + 8939. What is the tens digit of r?
6
Suppose -12924545 = -448*y + 6084095. What is the hundreds digit of y?
4
Let p be (45/3)/(-5 + (-626)/(-125)). Suppose 3*r + 3*b = p, 4*b - 1568 = -3*r + 311. What is the hundreds digit of r?
6
Suppose 7*d + 347 = -171. Let c = 205 + d. What is the hundreds digit of c?
1
Let d = 17 + -15. Suppose d*t + 4*t = 2*t. Suppose -3*j + 65 = 3*v + 2*j, t = -3*v + 3*j + 81. What is the tens digit of v?
2
Let s be 213 + (-6)/4*-2. Suppose 0 = 5*r + r - s. Suppose 2*m - 124 = -r. What is the units digit of m?
4
Suppose 21 = 5*h + 1. Suppose 0*x + 4*j + 332 = 2*x, 328 = 2*x - 3*j. Suppose -167 = -h*p - 3*r + 94, -2*p = -4*r - x. What is the tens digit of p?
6
Suppose 49*b - 48*b + 139357 = 3*c, -3*b = -3*c + 139371. What is the thousands digit of c?
6
Suppose 157*u - 20311566 = -435*u + 171*u. What is the tens digit of u?
4
Let q be 6/51 + (-52791)/51. Let h = q - -1727. What is the tens digit of h?
9
Let j = -2229 + 2081. Let m be (-31)/((-8)/9 + 1). Let t = j - m. What is the tens digit of t?
3
Suppose -4*z + 33778 = 9*y - 12*y, -y + 8441 = z. What is the hundreds digit of z?
4
Let s be (-20)/(-30)*(-1090 + -2). What is the hundreds digit of (130858/s)/(2/16*-1)?
4
Let r(i) = -i**3 - 25*i**2 - 22*i + 51. Let g be r(-24). Suppose -5*f - 3*p + 2098 = 0, 0 = g*f + 2*p - 244 - 1015. What is the tens digit of f?
1
Let w = 61394 + -34840. What is the hundreds digit of w?
5
What is the ten thousands digit of -5367*(8 + (8 - 18))?
1
Suppose -10 = -5*o - 5*n + 30, o + 5*n - 24 = 0. Suppose -r - o*j - 2091 = 0, -5*j = -7 + 2. What is the units digit of r/(-9) + 204/(-54) + 4?
3
Let j(z) = z**2 + 6*z - 6. Let p be j(-6). What is the units digit of 14 + -16 - (-2)/(p/(-1047))?
7
Suppose -4140*j + 1 = -4141*j. Let o(f) = -f**3 + 4. Let p be o(0). What is the units digit of j + (11 - p) + -1?
5
Let x = -46 - -51. Suppose -3*g - 2 = -x*c - 8, -5*c + g = 2. Suppose 6*h - 753 + 93 = c. What is the hundreds digit of h?
1
Suppose 55*b - 52*b - 4*n = 6779, -3*n = b - 2264. What is the units digit of b?
1
Let z(r) = 2*r**2 + 2*r - 3. Let w be z(2). Let t(u) = 2*u**3 - 3*u**2 - 4*u + 9. What is the thousands digit of t(w)?
1
Let a be ((-6)/4)/(6/(-44)) + 0. Suppose -a*w = -6*w - 1270. Suppose -2*v + w = 2*h, -5*h = -v + 4*v - 377. What is the units digit of v?
9
Let b(r) = 7*r + 38. Let a(v) = -3*v + 2. Let z(m) = 3*a(m) + b(m). What is the tens digit of z(9)?
2
Suppose 7030 = w - 2*h, h - 13959 = -2*w + 121. What is the thousands digit of w?
7
Let k be 635 - (-4 - -4) - 0. Suppose 12*h - k = 7*h. What is the hundreds digit of h?
1
Let a = -50685 + 71493. What is the hundreds digit of a?
8
Let z = 4865 - -933. What is the hundreds digit of z?
7
Suppose -a + 2*a + 112 = -5*w, -5*w - 214 = 2*a. Let v = 128 + -68. Let m = v - a. What is the tens digit of m?
6
Let g = -31831 - -47833. Suppose -9*u = 5*u - g. What is the thousands digit of u?
1
Let f = -1411 - -3030. Suppose 4*g - 8559 = -f. What is the hundreds digit of g?
7
Suppose 5*h - 55 = -25. Suppose 4 = 5*k - h. Suppose -k*q + 5*y = -0*y - 258, 0 = -4*q + y + 534. What is the tens digit of q?
3
Suppose 30*w = -103 - 47. What is the hundreds digit of 148/(-10)*(2 + -22 - w)?
2
Suppose 26*f - 815845 = -64211. What is the units digit of f?
9
Let a(b) = -4*b**2 - 6*b + 25. Let o(p) = 20 - 5*p + 13*p**2 + 23*p - 94. Let h(d) = -7*a(d) - 2*o(d). What is the units digit of h(6)?
1
Suppose -3*n - 2*q = -8, n + 5*q + 6 = -0*n. Suppose -5*r - 5*j + 795 = 0, 2*j = -r + n*j + 147. What is the units digit of r?
5
Let b = 25374 + -10692. What is the ten thousands digit of b?
1
Let w be ((-1)/(8/80))/(-2). Suppose 5*t + 317 + 3228 = w*i, -i = 3*t - 729. What is the tens digit of i?
1
Suppose j = -2 - 1. Let b be (-5)/(2*j/6). Suppose -b*a + 535 = -0*a. What is the hundreds digit of a?
1
Suppose 3*x + 2*v = 242637, -8*x + 404345 = -3*x - 5*v. What is the units digit of x?
5
Let i(y) = 2*y**3 - 239*y**2 - 114*y + 376. What is the units digit of i(120)?
6
Suppose -w = 3*h - 32826, -4*h + 51*w = 56*w - 43779. What is the thousands digit of h?
0
Let f be -58*(110/4)/(-5). Suppose -73*p + 317 + 48 = 0. Suppose p*w - 361 = f. What is the tens digit